rs of r?
2, 3, 13
Let k(b) = b**3 + 3*b**2 - 5*b. Let p be k(-4). Suppose -4*n - 3*z = -182, -p*n - 4*z + 178 = z. What are the prime factors of n?
47
Let x(a) = a + 27. What are the prime factors of x(-5)?
2, 11
Let u(l) = -l + 4. Let q(g) = -4. Let i(p) = 3*q(p) + 2*u(p). Let c(h) = 5*h**3 - h - 1. Let n be c(-1). What are the prime factors of i(n)?
2, 3
Let j = -41 - -84. List the prime factors of j.
43
Let m(l) = l**2 - 4*l + 2. Let j be m(4). Suppose -j*h = -35 - 7. List the prime factors of h.
3, 7
Let c(l) = l**2 + 2*l - 5. Let t = -20 - -13. Let z be c(t). Suppose 0 = 2*y + 3*y - z. List the prime factors of y.
2, 3
Let o(i) = -i**2 + 8*i + 12. Let y be o(9). Let d be (-1 + 0)*-4 + 1. Suppose 5*s = -x + y*s - d, 3*s = -12. List the prime factors of x.
3
Let d(v) = 2*v**2 - 7*v + 4. Let x(l) = l**2 + 8*l + 2. Let j be x(-6). Let n = j - -14. What are the prime factors of d(n)?
2
Let d(u) = -3 + 38*u**3 - 12*u - 11*u**2 - 9 - 39*u**3. What are the prime factors of d(-10)?
2
Let t = -2 + 47. Suppose 4*u + 9 = r, 2*u = 5*r + t - 144. List the prime factors of r.
3, 7
Suppose 2*i = 4*v, 5*i + 7 = -5*v + 37. List the prime factors of (15 - -7)*2/i.
11
Let u(m) = 2*m + 12. Let o(k) = 1. Let p(d) = 2*o(d) + u(d). What are the prime factors of p(8)?
2, 3, 5
Suppose -3*d + 2*d - 5*y + 65 = 0, 0 = -3*d - 4*y + 151. Suppose -2*s - s + d = 0. List the prime factors of s.
3, 5
Suppose -2*s + 734 = -4*i, 2*s = i + 753 - 31. What are the prime factors of s?
359
Let m(c) = c - 4. Let j be m(6). Suppose x = 5*b - 59, 3*b + x = -j*x + 39. What are the prime factors of (0 - -1) + (b - 1)?
2, 3
Let b be (-1)/(2/(-17 - -3)). Suppose -a + b = -0*a. List the prime factors of a.
7
Suppose -3*m - 302 = -r, -m - 1 = -4. List the prime factors of r.
311
List the prime factors of (-10)/(-3)*1512/60.
2, 3, 7
What are the prime factors of 3 + -6 + (149 - -2)?
2, 37
Suppose 0 = -5*s - 0*s - 2*q - 35, -15 = 4*s - q. Let f be -3 - s/((-5)/(-9)). Suppose f*b - 95 = b. List the prime factors of b.
19
Suppose -2*a - 5*f + 387 = 2*a, -4*f = 2*a - 186. What are the prime factors of a?
103
List the prime factors of 4/(-2)*115/(-10).
23
Let y(j) = -j + 1 + 3 - j**2 + 7*j. Let r be y(6). Suppose 3*d = d + r. List the prime factors of d.
2
Let m = 6 - 4. Suppose t = m*t + 1. Let k(o) = -3*o - 1. List the prime factors of k(t).
2
Let x be -2*3*14/(-4). What are the prime factors of 1 + x + -1 - 3?
2, 3
Let i(h) = -h**2 + 6*h - 4. Let b be i(6). Let r = b - -54. List the prime factors of r.
2, 5
Let h = 5 - 5. Let n = h + 3. Suppose -n*r + 32 = -r. List the prime factors of r.
2
Suppose 7*n - 43 = 629. List the prime factors of n.
2, 3
List the prime factors of 178/8 - ((-5)/(-4) - 1).
2, 11
Suppose 0 = 3*o - 2*o - 12. Let c be ((-1)/((-3)/o))/2. Suppose -6 = -c*t - 0. List the prime factors of t.
3
Suppose 1 = -w + c, 17 = 2*w + 3*c - 1. What are the prime factors of w/(-2) - (-55)/2?
2, 13
Suppose -12*w + 2403 = -3*w. What are the prime factors of w?
3, 89
Let z = -17 + 24. Let i(c) = -5*c - 8. Let b(p) = p + 1. Let k(a) = 6*b(a) + i(a). List the prime factors of k(z).
5
Suppose -2*n + 12 - 32 = 0. Let d = n + 34. List the prime factors of d.
2, 3
Let t be (-7 - 1*-2)/(-1). Let a(i) = i**2 - 5*i + 4. Let v be a(t). Suppose 0 = v*s - 5 - 3. What are the prime factors of s?
2
Let o = 7 - 1. What are the prime factors of o?
2, 3
Suppose 10*p - 75 = 315. What are the prime factors of p?
3, 13
Let i be (-4)/(-20) + 258/10. Suppose i = 2*t + 6. What are the prime factors of t?
2, 5
List the prime factors of (-1*2)/((-1)/20).
2, 5
Let x = -241 + 437. What are the prime factors of x?
2, 7
Let t(v) = v**2 - 10. List the prime factors of t(9).
71
Suppose 532 = 4*q + 15*q. Suppose l + f + 2*f = -11, -4*f = 2*l + 12. Suppose -g - v = -l, -q = -2*g - 0*g + 2*v. What are the prime factors of g?
3
Let w be 0 + -1 - (-6 - -4). List the prime factors of (-2 + (2 - -5))*w.
5
Let n be 6/(-21) - 674/(-7). Let d = -49 + n. List the prime factors of d.
47
Let x(k) = 3*k**3 - k**2 + 2*k + 1. Let d be x(2). Let r be (-2)/8 + 13/4. Suppose 0 = -r*a + d + 2. List the prime factors of a.
3
Let p(i) = -i**2 + 8*i. Let u(x) = -x**2 + 9*x - 1. Let h(v) = -3*p(v) + 2*u(v). Let m be h(6). List the prime factors of m/6*-1*6.
2
Suppose -333 = -5*c - n, 138 = -0*c + 2*c - 2*n. List the prime factors of c.
67
Let d(i) = -i**2 + 24*i + 4. What are the prime factors of d(18)?
2, 7
Let c(j) = -j**3 - j**2 + j - 9. Let r be c(0). Let w = r + 63. Suppose 4*k + 18 = w. What are the prime factors of k?
3
Suppose 0 = v + 3*v - 252. Suppose 0 = 3*l + 2*h + 2*h - 57, 5*l - v = 4*h. What are the prime factors of l?
3, 5
Let c = -24 + 34. Suppose -2*v = 2*f + 2*v - c, 3*f - 4*v = 15. List the prime factors of f.
5
Suppose x - 121 = 40. What are the prime factors of x?
7, 23
Let n = -515 + 759. List the prime factors of n.
2, 61
Let w(g) = 19*g**2 + 13*g + 1. What are the prime factors of w(3)?
211
Suppose l - 4*m + 20 = 0, -4*l + 2*m + 2*m = 56. Let n be (-4)/l - (-256)/6. Suppose 5*i = -2*d + 47, 2*d = 5*i + 5*d - n. What are the prime factors of i?
11
Suppose -3*p = -3*x + x - 6, -5*x - 53 = 2*p. Let t(f) = f**2 + 2*f - 8. Let d be t(-6). Let l = d + x. What are the prime factors of l?
7
Suppose 0 = 2*k + 2*k - g - 10, 3*g - 21 = -5*k. Let x(f) = 2*f**2 - 2*f - 2. What are the prime factors of x(k)?
2, 5
Let h(q) = -5*q + 2. Let p be h(4). Let o = p - -25. List the prime factors of o.
7
Let f be (1*37)/(8/8). Let z = f + 11. What are the prime factors of z?
2, 3
Suppose -4*w + 23 = 4*k - 85, 2*w + 4*k - 48 = 0. Let g be 2/10 - 156/w. Let q = g + 8. List the prime factors of q.
3
Let q(x) = -2*x**2 - 8*x - 2. Let m be q(-7). Let n = 1 - m. Suppose t - 6*t + n = 0. List the prime factors of t.
3
Let o = -36 - -95. List the prime factors of o.
59
Suppose 0 = -5*b - j + 402, -3*j - 4 = 5. List the prime factors of b.
3
Let a(t) be the second derivative of t**3/2 - 3*t**2/2 + 2*t. Let n be a(6). Suppose 0 = -v - 3*o + n, 3*v - 4*o - 21 = -o. List the prime factors of v.
3
Let v(t) = -120*t**2 + 2*t. Let n be v(-2). Let f be (-1)/(-4) + n/16. Let m = f - -42. What are the prime factors of m?
2, 3
Suppose -2*t - 3*c + 32 = -2*c, 0 = -2*t - 5*c + 16. Suppose -3*q + q + t = 0. List the prime factors of q.
3
Suppose -4*p = -6*a + 2*a - 20, p + a + 5 = 0. Suppose 4*b - 14 - 2 = p. Suppose 0 = 3*d - b*k - 35, -6*k - 8 = -2*k. List the prime factors of d.
3
Let x(s) = -s. Let d be x(0). Suppose d*i + i = 4. List the prime factors of i.
2
Suppose 0 = 3*u - 6 - 15. Suppose 2*h = o + u, 5*h - 4*h = 5. Suppose j + o*j = 64. What are the prime factors of j?
2
Let v(a) = 2*a - 1. Let t be v(1). List the prime factors of 8/(-12)*(t - 52).
2, 17
Suppose a = 4*r + 5*a + 56, 4*r = -2*a - 48. Let b(u) = u**2 + 9*u. What are the prime factors of b(r)?
2, 5
Let n(k) = -k**2 - 9*k - 8. Suppose 9 = -o + 4*o. Suppose -9 = 3*h - 4*y, 34 = -4*h - o*y + y. List the prime factors of n(h).
2, 3
Suppose 5*v = -4*z + 219, v + 156 = 5*z - 154. List the prime factors of z.
61
Let z(s) = -56*s - 31. What are the prime factors of z(-6)?
5, 61
Let j(q) = 2 + 1 + 0*q - 2*q + 0*q. What are the prime factors of j(-4)?
11
Let n(v) = 19*v. List the prime factors of n(1).
19
Suppose 4*q - 5*o = -0*o - 159, -q - 24 = 4*o. Let v = -22 - q. What are the prime factors of v?
2, 7
What are the prime factors of (98/(-6))/((-6)/18)?
7
Let x = 104 - 60. What are the prime factors of x?
2, 11
Let d = -1 - -3. Suppose 0 = -d*q + 14 + 6. List the prime factors of (90/(-25))/((-3)/q).
2, 3
Let n = -5 - -1. What are the prime factors of (-1)/n - 105/(-12)?
3
Let h = 24 - 13. What are the prime factors of h?
11
Let b be 3*(-2 - -5 - 2). Suppose 0 = -2*u + b*u - 4. Suppose u*w - 2*w = 4. What are the prime factors of w?
2
Let c(w) = -2*w**3 - 3*w - 2. Let v be c(-2). Suppose -2*r - 4 = -v. What are the prime factors of r?
2
Let y(u) = -8 + 19 - 5*u - 5*u**2 - 6*u + 6*u**2. What are the prime factors of y(12)?
23
Let h(f) = f**2 + 10*f - 10. Let g be h(-7). Let m = -21 - g. List the prime factors of m.
2, 5
Suppose 0 = -4*b + 5*r + 64, -5*b + 0*b - 3*r = -43. What are the prime factors of b?
11
Let l = 0 + 11. Suppose l = 2*b - b. List the prime factors of b.
11
Let f(g) = -5*g**3